ts digit of h(d)?
5
Let l be ((-2)/(-10))/((-7)/(-35)). Let c(x) = 223*x + 6. What is the tens digit of c(l)?
2
Suppose 3*s + 4*l = 36459, 21742 = 2*s + 2*l - 2564. What is the thousands digit of s?
2
Let u = -71635 + 114306. What is the tens digit of u?
7
Suppose 49*y + 75066 - 926294 = 0. What is the tens digit of y?
7
Suppose -10*t = -3*x - 15*t + 33304, -3*x + 4*t = -33313. What is the thousands digit of x?
1
Let c(a) = a**2 - 5*a + 8. Let g(q) = -3*q + 4. Let s(o) = 2*c(o) - 5*g(o). Let y be s(-4). What is the units digit of (5/(y - -7))/((-2)/(-72))?
2
Suppose 31*h + 59*h = 745740. What is the tens digit of h?
8
Let j(z) = -4*z - 30. Let d be j(-7). Let k be -3 - d*27/6. What is the units digit of (k/5)/((-18)/(-1170))?
8
Let d(t) = 3*t**3 - 54*t**2 + 28*t - 95. Let y(o) = o**3 - 18*o**2 + 9*o - 31. Let c(z) = 2*d(z) - 7*y(z). What is the units digit of c(17)?
7
Let a = 8115 + -4495. What is the tens digit of a?
2
Let k(v) = -v**3 - 18*v**2 + 10*v + 10. Let n be k(-11). Let m = n + 623. Let o = -158 - m. What is the tens digit of o?
6
Suppose -2*m = 5*x - 10, 5*m - 25 = 8*x - 4*x. Suppose -2*b + 13 = 2*s - 1, 3*s + m*b - 23 = 0. What is the units digit of s?
6
Let l = -96 - -893. Suppose -2*t = 0, -5*s = 5*t - 1253 - l. Suppose s = 36*k - 31*k. What is the units digit of k?
2
Let u(i) = -26*i + 61. Suppose 0 = 9*c + 32 + 13. What is the hundreds digit of u(c)?
1
Let c = -26 + 29. Suppose -c*l = l - 376. Let w = 183 - l. What is the units digit of w?
9
Suppose -6*q = -9*q + 144. Suppose -43*g = -q*g. Suppose 5*v + 4*w - 205 = g, -v - w = -6*v + 180. What is the units digit of v?
7
Let o be 104/18 + 24/108. Suppose o*t + 135 = -3*t. What is the units digit of 9/t - (-13)/5?
2
Let g(b) = -b**3 + 4*b - 13. Let p(n) = 2*n**3 - n**2 - 9*n + 26. Let u(d) = -5*g(d) - 3*p(d). What is the hundreds digit of u(-5)?
1
What is the hundreds digit of (-9525)/(-50)*(-8 - -58)?
5
What is the tens digit of (-1 - 2264)/(5/((-60)/9))?
2
Let k = 71 - 68. Let l(y) = -4*y - k + 4 + 1 - 4. What is the tens digit of l(-5)?
1
Let i(y) = 4*y**3 - 2*y**2 + 44*y - 378. What is the units digit of i(9)?
2
Let p = 19 - 15. Let b be (-17)/((-1)/p - 2/(-40)). Let j = 106 - b. What is the tens digit of j?
2
Suppose -12 = w - 18. Suppose -w*y = 2*m - 2*y - 564, -5*y - 1470 = -5*m. Let g = -205 + m. What is the units digit of g?
5
Let m = -6 + 8. Suppose -89 = -m*i + 3*k, 0*i - 2*k = -i + 44. What is the units digit of i?
6
Let h be (2/(-14) - (-670)/35) + -6. Let d = 475 - 332. Suppose -d = -2*o - 2*m + h, -3*o + 5*m = -266. What is the units digit of o?
2
Let l(m) = 1557*m - 2620. What is the units digit of l(8)?
6
Let a(n) = -32*n + 10. Suppose 0 = -4*r + 5*z - 203, -3*z - 238 = 4*r - z. Let b = r - -54. What is the hundreds digit of a(b)?
1
Suppose -3*t - 213 = -3*a, 2*t - 4 = -6. Let s = a + -193. Let k = 183 + s. What is the units digit of k?
0
Let y(q) = -q**3 + 6*q**2 + 6*q - 63. What is the hundreds digit of y(-18)?
6
Suppose 0 = 2*s + 2*s. Suppose -t + 10 = 2*w - 3*t, s = 4*w + 5*t + 7. Suppose m + w - 17 = 0. What is the tens digit of m?
1
Suppose 10 - 56 = -x. Suppose -x + 309 = i. What is the tens digit of i?
6
Let b(j) = -2*j**3 + 25*j**2 + 44*j + 30. What is the units digit of b(-15)?
5
Let p(x) = 262*x + 2265. What is the tens digit of p(11)?
4
Suppose 11*c - 80575 = 116250 + 124452. What is the units digit of c?
7
Suppose 32*o - 193665 = 26687. Suppose 0 = -16*y + o - 918. What is the hundreds digit of y?
3
Let a be -127*-1*1*(0 + -1). Let n = a + 126. What is the tens digit of 253 - (1 - (2 + -1 + n))?
5
Let z(q) = -q**3 + 120*q**2 - 92*q - 429. What is the units digit of z(118)?
3
Suppose 50602 = 12*j - 5*j - 49638. What is the tens digit of j?
2
Suppose 0*h + h = -3*k - 4, 3*k + 14 = 4*h. Let w = 1 - h. What is the units digit of 135 - (2 + w - 2)?
6
Suppose -125*q + 1963286 + 1302787 = 1247698. What is the hundreds digit of q?
1
Suppose 13*k + 39600 = 46*k. Suppose -k = -46*i + 43*i. What is the hundreds digit of i?
4
Suppose 3*h = 48 - 18. Let w = h + 31. Let d = -23 + w. What is the units digit of d?
8
Let h be 1*-1*1*(-6 - -11). Let o = 15 + h. Let u(z) = 13*z - 9. What is the units digit of u(o)?
1
Let v(g) = 44*g**2 + 56*g + 515. What is the tens digit of v(-8)?
8
Suppose 192*f - 4*d = 191*f + 8506, -34126 = -4*f - d. What is the hundreds digit of f?
5
Let p(a) = -4*a**3 - 132*a - 2. What is the thousands digit of p(-10)?
5
Suppose -r + 5 + 0 = 0, 4*r - 360 = 5*p. Let o = p - -70. Suppose -2*q - 4*i = i - 321, o*i + 6 = 0. What is the units digit of q?
8
Let u = 11936 + 11140. What is the tens digit of u/96 + 2*(-9)/48?
4
Let p(u) = 1374*u**2 + 181*u + 842. What is the hundreds digit of p(-5)?
2
What is the hundreds digit of 1/((-5)/389115*-9)?
6
What is the units digit of (-104)/4*(125940/(-360) + (-2)/3)?
3
Let q = -27 - -32. Suppose s = -i + 429 - 117, -2*i + 612 = q*s. Suppose -2*u - 4*y + 14 + 170 = 0, 5*y = 4*u - i. What is the units digit of u?
4
Let h(f) = -2*f**3 + 13*f**2 - 3*f - 13. Let z be h(6). Suppose z*q = -2*p + 950, -6*p + 561 = 3*q - 3*p. What is the units digit of q?
2
Suppose 4*f - 48 = c - 15, 0 = f - 4*c - 12. Suppose -v - w = -2*v + f, -v + 4 = -3*w. Suppose -8*a + v*a = 128. What is the tens digit of a?
6
Suppose -14 + 2 = -3*o. Let l be o/(16/(-12)) - -31. Suppose r + l = 2*r. What is the units digit of r?
8
Let v be (10/(-6))/(-5)*(17 + -2). Suppose -p + 172 = 5*j, -2*p - 628 = -6*p - v*j. What is the units digit of p?
2
Let g(h) = 791*h**3 + 9*h**2 + 89*h - 331. What is the thousands digit of g(4)?
0
Suppose 8*g + 42 = 14*g. Let m(u) = 3 + g - 6 - 16*u. What is the tens digit of m(-6)?
0
Suppose -382*h - 584987 = -90*h - 1745103. What is the hundreds digit of h?
9
Let w(k) = k**3 + 18*k**2 - 3*k - 17. Let n be w(-16). Suppose -3*a + 0*t + n = -t, -t = 3. What is the tens digit of a?
8
Let m = -4683 - -32965. What is the units digit of m?
2
Suppose o + 6689 = 5*a, -4*a + 4*o + 5360 = o. Let r = a + -71. What is the thousands digit of r?
1
Let g = 7701 + 807. What is the units digit of g?
8
Let d(w) be the third derivative of w**6/120 + w**5/5 - 7*w**4/12 - 3*w**3/2 - 3*w**2. Let b = 103 - 116. What is the units digit of d(b)?
4
Suppose 0 = 20*t + 31*t - 1832541 - 72258. What is the units digit of t?
9
Let v = 48 + -43. Suppose -3*d + 26 = v. What is the tens digit of 38/(-4)*(-28)/d?
3
Let p(s) = -82*s**3 + s**2 - 5*s - 5. Suppose 5*n + 30 = -4*g, 5*g + 0*g = 5*n - 15. What is the tens digit of p(n)?
6
Let x(w) = w**3 + 123*w**2 + 523*w + 105. What is the thousands digit of x(-118)?
8
Let r be 0 - -3 - (-20)/5*6. Suppose r*d - 31*d + 8 = 0. Suppose -d*m + 186 = t + 42, -m = -4*t - 63. What is the tens digit of m?
7
Suppose 0 = 95*q - 187*q + 77*q + 833895. What is the hundreds digit of q?
5
Let n = 327 - 334. Let u(f) = 3 - 3*f + 0*f + 4. What is the tens digit of u(n)?
2
Let t(x) = 28 + 185*x**2 - 45 - 16*x + 44. What is the units digit of t(2)?
5
Let r(x) = x**3 + 14*x**2 - 38*x + 22. Let k be r(-16). Suppose -6785 = k*b - 123*b. What is the tens digit of b?
5
Let g(u) be the third derivative of -u**6/120 - u**5/30 - 11*u**4/24 - 23*u**3/6 + 11*u**2 - 3. What is the units digit of g(-4)?
3
Suppose 3*c + 58 = -5*f, -2*c = 2*f + 3*f + 37. Let k(q) = 2*q**2 + 16*q - 29. What is the units digit of k(c)?
7
Suppose 160*q - 2 = 159*q. Suppose 4*r - 2660 = -4*h, 777 = q*h + 4*r - 543. What is the tens digit of h?
7
Suppose 2876 + 8007 = 3*n - 9616. What is the tens digit of n?
3
Let c(z) be the second derivative of z**4/4 + z**3/2 + 3*z**2 + 370*z. Let r(n) = -n - 2. Let i be r(2). What is the tens digit of c(i)?
4
Let x(l) = 8482*l + 6197. What is the tens digit of x(9)?
3
Let u be 1/((1 - -13)/98). Let g(c) = 4*c**2 + 0*c**2 - 10*c - 4 + 2. What is the hundreds digit of g(u)?
1
Let p(c) = 13*c**3 - 9*c**2 + 11*c + 7. Let j(q) = -6*q**3 + 4*q**2 - 5*q - 3. Let n(h) = 9*j(h) + 4*p(h). What is the units digit of n(0)?
1
Suppose 9 - 18 = 2*y - i, -5*y = 5*i - 15. Let r(n) = 8*n**2 + 8*n + 3. What is the units digit of r(y)?
9
What is the hundreds digit of 26044 - (-6 + 168/32)*(-5 + -3)?
0
Suppose 20 + 0 = 10*w. Suppose -3*d - w*b = -7*b - 651, 0 = -5*d + 2*b + 1085. What is the hundreds digit of d?
2
Let f = -97 - -95. Let p